 t(u) = b*d(u) + 7*o(u). Suppose -3*a = a + 12. What is t(a)?
7
Suppose -5*j + u - 21 = 0, 2*u - 19 = 4*j - 7. Let s(t) = -t**3 - 5*t**2 + 2*t + 5. Calculate s(j).
-5
Let l(i) = i**3 + 9*i**2 + 6*i - 8. Let h(u) = u**3 - 6*u**2 + 5*u - 2. Let o be h(2). Give l(o).
8
Let m(x) = x**3 - 5*x**2 - x. Let q = -7 - -4. Let f be q/1 + 0/2. Let w be (f/(-3))/((-2)/(-10)). Determine m(w).
-5
Suppose -18 = -2*p - 4*c, 5*p = 2*c - 5 - 10. Let g(o) = 33*o**3 + o**2 + o. Give g(p).
-33
Let h(d) = -3*d**3 + d**2 - 2*d + 1. Let u = 2 + -1. Calculate h(u).
-3
Let y(m) = m**2 - m + 1. Let z be y(2). Suppose 2*i + z*i - 25 = 0. Let r(d) = -5 + i*d - 4*d + 4 - 2*d**2 + 5*d. Determine r(4).
-9
Let q be (-3)/(1 + 4/(-2)). Suppose 5 + q = -4*p. Let a(l) be the first derivative of -2*l**3/3 - 3*l**2/2 - 3*l + 1. What is a(p)?
-5
Suppose -k = -6*k + 20. Let m(z) = 2*z - 9. Let l be m(6). Let n be (-8)/k - (l + -2). Let h(w) = -w**3 - 5*w**2 - 2*w + 3. Calculate h(n).
-9
Suppose -5*v - 2*a = -v - 32, -2*a - 4 = 0. Let k(j) = -j**2 + 8 - 5 - 5 - v*j. Give k(-6).
16
Let s(d) be the second derivative of d**3/6 - 3*d**2 - d. What is s(4)?
-2
Let i(x) = 2*x**2 + 6*x - 4. Let p(a) = 10*a**2 + 30*a - 20. Let j(w) = 11*i(w) - 2*p(w). Calculate j(-6).
32
Let i(t) = 6 + 1 - t - 8 + 0*t. Give i(-3).
2
Let y = 67 - 31. Suppose -y = -5*r - 11. Let o(f) = 22*f - 9*f - 7*f - 6 - 4*f. What is o(r)?
4
Let v be ((-2)/2)/((-1)/(-6)). Let m be (4/v)/(4/(-18)). Let a(y) = 4*y - 2*y**2 - 2 + 0*y + 2*y**m - 2*y**2. Give a(2).
6
Let r(c) be the third derivative of c**5/60 - c**4/12 + c**3/6 + c**2. Suppose -21 = 4*b + 27. Let j be 1 + -2 + b/(-3). What is r(j)?
4
Suppose 3*u - 5*l + 3 = -u, 0 = 5*u + 2*l - 21. Let k(h) = 5*h**3 - u*h**2 - 3*h**3 - h**3 + 2. Give k(2).
-2
Let s(l) = 3*l - 3. Let t(u) = 2*u**2 + 9*u + 4. Let h be t(-5). Suppose 0 = 11*x - h*x - 4. Give s(x).
3
Let g(h) = -h - 4*h + 0*h + 2*h + 4. Let f(v) = 2*v - 3. Suppose -3*w + 3 = -6. Let x be f(w). What is g(x)?
-5
Let k be -2 - 0 - -4 - 7. Let x(n) = 4. Let g(t) = t - 20. Let r be (3 - 5) + -10 + 1. Let p(o) = r*x(o) - 2*g(o). Determine p(k).
6
Let j(k) = -7*k + 1. Let o(h) = 4*h - 21. Let m be o(6). Give j(m).
-20
Let a(j) = j - 4. Let h be a(7). Let y(v) = 3*v - 7. Let k(r) = -r. Let x(s) = 2*k(s) + y(s). Determine x(h).
-4
Let b(q) = 2*q**2 - 11*q + 8. Let p be b(5). Let h(n) be the third derivative of 0*n - 1/3*n**p - 1/12*n**4 + 0 - 3*n**2. Give h(-5).
8
Let w = 11 + -6. Suppose 45 = -5*z + w*q, 5*z - 1 + 10 = -4*q. Let c(p) = p**2 + 6*p + 2. Calculate c(z).
-3
Let a(i) = i**2 + 16*i - 18. Let w be a(-17). Let s(m) be the third derivative of m**6/15 - m**4/24 - m**3/6 + m**2. Give s(w).
-8
Let p(o) = 4 + 0 - 6 - o - 3*o. Give p(-2).
6
Let z(n) = -n**2 - n. Let u(t) = 4*t**2 + 6*t - 1. Let x(j) = -u(j) - 5*z(j). Let o be 43 + (4 - (4 + 0)). Let a = -41 + o. Give x(a).
3
Let x(n) = n**2 - 6*n - 3. Let i be (-5 + 13/2)*2. Give x(i).
-12
Let a be (1 - 1)/(0 - -1). Let o(r) be the first derivative of -1/2*r**2 + 1/3*r**3 - 7*r - 2. Calculate o(a).
-7
Let w(f) = f**3 - 6*f**2 + 5. Let d be w(6). Suppose -3*g + 10*n = d*n + 3, g + 1 = -5*n. Let o(j) = 2 - 4*j + 2*j - 3. Calculate o(g).
1
Let z(u) = u**2 + 10*u + 12. Let r be z(-9). Let d(q) = q**2 - q - 2. Give d(r).
4
Let s(v) = -v**2 + 5*v + 3. Let j be (-14)/77 + 348/(-22). Let t = 21 + j. Determine s(t).
3
Suppose -3*a - 12 = -6*a. Let m(f) = 2*f - f**2 - a*f + 4*f. Let l = -26 + 28. Calculate m(l).
0
Let t(k) = -k + 2. Let f be t(0). Let u(c) = -4 + 0 + f - c + 0. Determine u(-6).
4
Let t(h) be the third derivative of -h**6/120 - h**5/10 - h**4/6 + 7*h**3/6 - 40*h**2. Determine t(-5).
2
Let w be (1*5)/((-9)/(-9)). Let n(d) = 5 - w - d**2. Give n(1).
-1
Let j = 7 - 2. Suppose -j*m = 3*b, -m = -2*m + 5*b. Let p(z) = -z - 6. Give p(m).
-6
Let a(f) be the first derivative of 7/2*f**2 - 1/4*f**4 + 1 - 4*f + 5/3*f**3. Give a(6).
2
Suppose -p = 5*d - 14, 2 - 6 = -2*d. Let v(o) = -o**2 + 5*o - 4. Give v(p).
0
Let o = 9 + -7. Let l(a) = -4*a**3 + 2*a**2 + 3*a - 3. Give l(o).
-21
Let j(d) be the second derivative of d**3/6 + 5*d**2/2 - 2*d. Let n be j(-3). Suppose 3*x + n*x - 15 = 0. Let a(t) = t**2 - 4*t - 1. Determine a(x).
-4
Let f(j) = -j**3 + 5*j**2 - 2*j - 1. Let t be f(3). Let s(c) = -3*c - 7*c + t*c - 2. Give s(3).
1
Let l(y) = -431 - 2*y - 4*y + y**2 + 432. Give l(7).
8
Let u(m) = m**2 - 6*m - 2. Suppose -4*i - 4 - 4 = d, -2*d + 5*i = -23. Suppose 0 = -7*x + d*x + 60. Suppose -w + x = 3*w. Calculate u(w).
-7
Let d be 8 + -12 + 1 + -2. Let z(b) = b**3 + 6*b**2 + 4*b - 3. What is z(d)?
2
Let c(t) = t**2 - 15*t. Let q be c(11). Let g be (-6)/(-15) - q/(-10). Let j(m) = m - 2. Calculate j(g).
-6
Let q(r) = -8*r + 13*r - 3*r + 3*r**2 - 1. Give q(1).
4
Suppose 3*r - 19 = -2*y - 2*r, -4*r = 5*y - 22. Let q(s) = 6*s - 3. Calculate q(y).
9
Let t(b) = 5 + 6*b - 1 - 1. What is t(-2)?
-9
Suppose -1 + 4 = -3*c. Let t be 2 + -2*(-1)/c. Let v(h) = h**3 + h - 3. Calculate v(t).
-3
Suppose 5*x - 6 - 14 = 0. Suppose x*h - 5 = 3*h + 5*i, h - i = 5. Let u(w) = -w + 3*w - h - 3*w. Give u(0).
-5
Let f(x) = -x**2 - 4*x + 2. Let h be f(-4). Let v(s) = s - 5 + 4 + 0 - 3*s. What is v(h)?
-5
Suppose -11*b = -4*b - 42. Let q(i) = i**2 - 8*i + 9. Determine q(b).
-3
Let m(n) = 8*n**3 + 20*n**2 + 2*n + 14. Let h(u) = -3*u**3 - 7*u**2 - u - 5. Suppose 0 = b + 4*b - 55. Let w(y) = b*h(y) + 4*m(y). Determine w(3).
-8
Suppose 4*p - 7 = 8*p - 3*q, q = -2*p - 11. Let s(w) = w**2 + 5*w - 5. Determine s(p).
-9
Let f(z) be the first derivative of -z**4/4 + 2*z**3/3 - z - 2. Let c be (-2 - (3 + -10)) + -3. What is f(c)?
-1
Let g(k) be the first derivative of k**3 - 4*k - 2. Let v(n) = 4*n**2 - 3. Suppose 10*y - 5*y = -20. Let h(o) = y*v(o) + 5*g(o). Determine h(0).
-8
Let n(a) = -4*a + 7 - 6*a + 9*a. Let t = -2 - -8. Calculate n(t).
1
Let i be (1 - 1)/(24/(-4) - -5). Let x(q) = -q**3 + q - 4. Give x(i).
-4
Suppose 2*w = 4*n - 10, -3 = 3*w + 2*n + 4. Let o(s) = 3*s**2 + s + 3. Calculate o(w).
27
Let w(t) = -7*t**2 + 1 + 0 - 3*t - 3 + 8*t**2. Give w(5).
8
Let u(r) = -4*r**3 - 28*r**2 - 7*r - 10. Let b(g) = -3*g**3 - 19*g**2 - 5*g - 7. Let h(k) = -7*b(k) + 5*u(k). What is h(7)?
-1
Let r(a) = 4*a**3 - 4*a**2 - 8 + 3*a - a**3 + 3 + 3*a**2. Let x(i) = -7*i**3 + 3*i**2 - 7*i + 11. Let t(y) = 5*r(y) + 2*x(y). Calculate t(0).
-3
Suppose 3*j = -3*q + 27, q + 3 = 2*j - 2*q. Let o(z) = -z**2 + 5*z - 1. Give o(j).
-7
Let l(i) = -i**3 + 5*i**2 + 2*i - 5. Suppose 10 = -9*f + 4*f. Suppose 4*z + 5 = -g, 4*g + 2*z - 31 + 9 = 0. Let y = g + f. Calculate l(y).
5
Suppose -31 = -3*m - 5*b, 3*m + m - 33 = -5*b. Let d(w) = -2 + 9*w**2 - 11*w**m + 8*w + 3*w**2. What is d(-8)?
-2
Suppose -3*a + a = -6. Let x = a + -4. Let q(g) = 10*g + 1. Give q(x).
-9
Let q(p) = 5*p**2. Let z(x) = x**2 - 6*x + 4. Let o be z(6). Let s(y) = 9*y - 3. Let b be s(1). Suppose 0 = -v - o*t - 13, -3*v = t + b - 0. Determine q(v).
5
Let b(x) = -2*x**2 - 3*x + 3. Let f(m) = 2*m**2 + 2*m - 2. Let v(o) = -4*b(o) - 3*f(o). Give v(-5).
14
Let s(b) = b**3 + 2. Let h be 2 - ((-3 - -3) + -1). Suppose -2*n = -h*n. Determine s(n).
2
Let b be 102/(-21) + 2/(-14) - -4. Let t(a) = 10*a + 1. Let p(r) = -9*r - 1. Let v(c) = -5*p(c) - 4*t(c). Determine v(b).
-4
Suppose -14*v = -9*v - 15. Suppose -k + 4*l = -0*k - 7, -5*k - v = -l. Let b(p) = -6*p + 1. Calculate b(k).
7
Let y(s) = -s. Let i(t) = -11*t - 9. Let g(h) = -i(h) + 6*y(h). Let m(f) = 14*f + 26. Let x = -8 - -14. Let c(j) = x*m(j) - 17*g(j). Give c(0).
3
Let x(q) = -q**2. Let w be (3 + 4/(-2))*5. Let d = 4 - w. Let z(a) = 2*a**2 - 3*a + 1. Let t(f) = d*z(f) - 3*x(f). Calculate t(-3).
-1
Suppose 37 - 2 = -5*q. Let a(b) = -3*b + 13. Let g(w) be the third derivative of w**4/24 - 2*w**3/3 + 2*w**2. Let s(d) = q*g(d) - 2*a(d). What is s(-3)?
5
Suppose 3*p - 2 - 13 = 0. Let q(g) = -g. Suppose 4*j + 4 = -20. Let y(h) = 7*h + 1. Let f(s) = j*q(s) - y(s). What is f(p)?
-6
Let u(g) = 2*g - 68 + 137 - 66. What is u(6)?
15
Suppose 1 = 3*h + 25. Let g = h + 13. Let l(u) = -2*u + 3. What is l(g)?
-7
Let x(h) be the first derivative of -h**3/6 - 3*h**2/2 + 6*h - 6. Let o(j) be the first derivative of x(j). Determine o(-4).
1
Let k(q) be the second derivative of q**3/2 - 3*q**2 - q. Let z be (3/(-9))/(2*2/(-60)). Give k(z).
9
Le